 3360889?
False
Does 5 divide 17518?
False
Does 64 divide 254016?
True
Is 7919428 a multiple of 19?
True
Is 15432833 a multiple of 13?
True
Does 14 divide 1141095?
False
Is 10 a factor of 12410095?
False
Is 2 a factor of 355621?
False
Is 19030 a multiple of 4?
False
Does 5 divide 1953228?
False
Is 16572 a multiple of 4?
True
Is 52 a factor of 1002080?
False
Does 392 divide 4128645?
False
Does 126 divide 2585646?
True
Is 30 a factor of 9307876?
False
Is 1711880 a multiple of 20?
True
Is 24 a factor of 321672?
True
Is 74 a factor of 56376?
False
Is 54 a factor of 212119?
False
Is 53 a factor of 285615?
False
Does 58 divide 20823040?
False
Is 73920 a multiple of 141?
False
Is 560714 a multiple of 137?
False
Does 55 divide 4536345?
True
Is 81 a factor of 342711?
True
Does 50 divide 36446111?
False
Is 57 a factor of 2138738?
False
Is 11 a factor of 25966?
False
Is 8595 a multiple of 9?
True
Is 944325 a multiple of 25?
True
Does 14 divide 165488?
False
Is 3721242 a multiple of 4?
False
Is 61432 a multiple of 4?
True
Does 139 divide 438262?
False
Is 15831112 a multiple of 156?
False
Does 3 divide 80314?
False
Is 10 a factor of 157924?
False
Is 574796 a multiple of 20?
False
Is 11 a factor of 300911?
False
Is 162 a factor of 93886?
False
Is 33 a factor of 230338?
False
Is 54 a factor of 54566?
False
Does 147 divide 2197149?
False
Is 37493 a multiple of 142?
False
Does 4 divide 40556?
True
Is 7705650 a multiple of 25?
True
Does 6 divide 102366?
True
Does 33 divide 8489646?
True
Is 224419 a multiple of 283?
True
Is 6 a factor of 191436?
True
Is 44 a factor of 3338148?
True
Does 143 divide 79319?
False
Does 20 divide 108970?
False
Is 3 a factor of 139460?
False
Is 3200 a multiple of 5?
True
Is 8918700 a multiple of 84?
True
Is 5 a factor of 156521?
False
Is 5 a factor of 63925?
True
Does 29 divide 343650?
True
Is 22250 a multiple of 89?
True
Does 71 divide 68373?
True
Does 365 divide 218270?
True
Is 50 a factor of 31350?
True
Is 1012977 a multiple of 49?
True
Is 7 a factor of 22316?
True
Does 6 divide 218199?
False
Is 657214 a multiple of 12?
False
Does 178 divide 449094?
True
Does 73 divide 936371?
True
Is 502854 a multiple of 323?
False
Does 15 divide 1057956?
False
Is 82 a factor of 2182734?
False
Does 9 divide 7386174?
True
Does 4 divide 557548?
True
Does 1065 divide 7012215?
False
Does 412 divide 2116858?
False
Is 1865 a factor of 725485?
True
Does 33 divide 91146?
True
Is 86 a factor of 1979462?
True
Does 341 divide 3416479?
True
Does 18 divide 17442?
True
Does 167 divide 321329?
False
Does 296 divide 248988?
False
Is 42021 a multiple of 43?
False
Is 12973934 a multiple of 62?
True
Is 11 a factor of 67191?
False
Is 344 a factor of 163400?
True
Is 11 a factor of 1580410?
False
Is 13285549 a multiple of 17?
False
Is 10248 a multiple of 24?
True
Is 11 a factor of 492465?
False
Does 14 divide 4885345?
False
Is 46 a factor of 955347?
False
Does 633 divide 424743?
True
Is 31508 a multiple of 2?
True
Is 2276832 a multiple of 296?
True
Does 173 divide 137932?
False
Is 463932 a multiple of 294?
True
Is 15 a factor of 989505?
True
Is 141 a factor of 364792?
False
Does 251 divide 5434652?
True
Is 1213432 a multiple of 177?
False
Is 71 a factor of 2194610?
True
Is 31 a factor of 577902?
True
Is 40 a factor of 1982080?
True
Is 1863 a multiple of 3?
True
Is 63886 a multiple of 15?
False
Does 13 divide 370630?
True
Is 62 a factor of 72440?
False
Does 612 divide 1070150?
False
Does 17 divide 410215?
False
Is 9 a factor of 764271?
True
Is 9 a factor of 3460244?
False
Is 3 a factor of 2422679?
False
Is 61632 a multiple of 144?
True
Does 3 divide 1639550?
False
Is 1038100 a multiple of 14?
True
Does 248 divide 148412?
False
Does 257 divide 34202588?
True
Is 423 a factor of 7610616?
True
Does 67 divide 116980?
False
Is 23 a factor of 2668?
True
Is 190 a factor of 1311423?
False
Is 280 a factor of 646240?
True
Is 390104 a multiple of 29?
False
Does 16 divide 4467860?
False
Does 82 divide 1239512?
True
Is 110 a factor of 112640?
True
Does 253 divide 101453?
True
Is 67 a factor of 2309289?
True
Is 16 a factor of 314148?
False
Is 21 a factor of 1470?
True
Is 18 a factor of 386982?
True
Is 2837277 a multiple of 578?
False
Is 25740 a multiple of 10?
True
Does 8 divide 489065?
False
Does 115 divide 470120?
True
Is 723283 a multiple of 3?
False
Does 45 divide 5923832?
False
Is 133606 a multiple of 11?
True
Does 63 divide 1030346?
False
Does 42 divide 748650?
True
Does 18 divide 17352?
True
Is 729 a factor of 301530?
False
Does 41 divide 79991?
True
Does 8 divide 192509?
False
Does 15 divide 152456?
False
Is 2823454 a multiple of 436?
False
Is 681825 a multiple of 25?
True
Is 1603 a factor of 10140578?
True
Is 146 a factor of 529980?
True
Is 827639 a multiple of 66?
False
Does 4 divide 11043?
False
Is 49 a factor of 150234?
True
Is 11 a factor of 9754?
False
Does 322 divide 708307?
False
Does 9 divide 188199?
True
Does 1463 divide 17474456?
False
Is 38343 a multiple of 6?
False
Does 35 divide 197540?
True
Is 85 a factor of 2649875?
True
Is 13229033 a multiple of 31?
True
Is 161 a factor of 1874684?
True
Is 2475642 a multiple of 89?
False
Does 14 divide 56860?
False
Is 258 a factor of 814555?
False
Does 21 divide 447499?
False
Does 40 divide 434040?
True
Does 2 divide 1444?
True
Is 9 a factor of 531900?
True
Does 11 divide 194815?
False
Is 117 a factor of 3740724?
True
Does 175 divide 2291350?
False
Is 721944 a multiple of 192?
False
Is 1524312 a multiple of 54?
True
Is 151 a factor of 18582921?
False
Is 1666816 a multiple of 32?
True
Does 7 divide 86465?
False
Is 5 a factor of 176739?
False
Does 24 divide 3860251?
False
Does 760 divide 969760?
True
Is 1975937 a multiple of 723?
False
Is 195650 a multiple of 10?
True
Is 16 a factor of 171406?
False
Is 8 a factor of 826896?
True
Is 32 a factor of 283499?
False
Is 167168 even?
True
Is 2830027 a multiple of 1023?
False
Is 218723 a multiple of 45?
False
Does 93 divide 298065?
True
Is 18 a factor of 36882?
True
Is 33 a factor of 76353?
False
Is 1513161 a multiple of 117?
True
Does 9 divide 162386?
False
Does 25 divide 2220044?
False
Is 1564708 a multiple of 257?
False
Is 467205 a multiple of 20?
False
Does 92 divide 237268?
True
Does 93 divide 319176?
True
Is 12 a factor of 619104?
True
Is 3 a factor of 633742?
False
Is 7841150 a multiple of 12?
False
Is 27 a factor of 151940?
False
Is 17 a factor of 603145?
False
Is 56 a factor of 1906464?
True
Is 1010170 a multiple of 10?
True
Is 208967 a multiple of 121?
True
Does 18 divide 7498260?
True
Does 138 divide 12176615?
False
Is 372 a factor of 463140?
True
Does 203 divide 750491?
True
Is 248 a factor of 97712?
True
Is 1969451 a multiple of 29?
False
Does 93 divide 1600422?
False
Does 15 divide 5897718?
False
Is 6 a factor of 434766?
True
Is 11 a factor of 1628051?
False
Is 177 a factor of 214191?
False
Does 8 divide 821376?
True
Does 238 divide 189886?
False
Is 1621788 a multiple of 43?
True
Is 864616 a multiple of 74?
True
Is 34 a factor of 94232?
False
Is 276176 a multiple of 164?
True
Is 170 a factor of 1609987?
False
Is 7545392 a multiple of 8?
True
Is 69 a factor of 144531?
False
Is 366 a factor of 558150?
True
Does 7 divide 2965613?
True
Is 9 a factor of 10038914?
False
Is 15656 even?
True
Does 25 divide 26325?
True
Does 14 divide 383852?
True
Is 384 a factor of 12346708?
False
Is 45 a factor of 302400?
True
Does 29 divide 122003?
True
Does 16 divide 179124?
False
Is 54 a factor of 1235852?
False
Is 86 a factor of 16680262?
False
Does 424 divide 22656?
False
Is 35549937 a multiple of 442?
False
Is 3513385 a multiple of 25?
False
Does 4 divide 47979?
False
Is 1528632 a multiple of 60?
False
Is 44 a factor of 52657?
False
Does 3 divide 18261?
True
Is 2438413 a multiple of 97?
False
Is 300 a factor of 1423556?
False
Is 412 a factor of 212714?
False
Is 1107605 a multiple of 655?
True
Does 78 divide 525096?
True
Is 89 a factor of 131898?
True
Is 158208 a multiple of 16?
True
Is 876289 a multiple of 306?
False
Does 483 divide 722568?
True
Is 5563164 a multiple of 29?
False
Does 112 divide 18711?
False
Is 1479676 a multiple of 44?
True
Is 806 a factor of 6032104?
True
Is 6008670 a multiple of 7?
False
Does 16 divide 504528?
True
Does 149 divide 5054229?
True
Is 43939 a multiple of 